{"version":"1.0","provider_name":"Telemon","provider_url":"https:\/\/telemon.care\/sk\/","author_name":"\u013dudmila Slez\u00e1kov\u00e1","author_url":"https:\/\/telemon.care\/sk\/author\/slezakova\/","title":"Telemedic\u00edna po\u010das pand\u00e9mie - Telemon","type":"rich","width":600,"height":338,"html":"<blockquote class=\"wp-embedded-content\" data-secret=\"Z5FoTS4R1T\"><a href=\"https:\/\/telemon.care\/sk\/telemedicina-pocas-pandemie\/\">Telemedic\u00edna po\u010das pand\u00e9mie<\/a><\/blockquote><iframe sandbox=\"allow-scripts\" security=\"restricted\" src=\"https:\/\/telemon.care\/sk\/telemedicina-pocas-pandemie\/embed\/#?secret=Z5FoTS4R1T\" width=\"600\" height=\"338\" title=\"&#8220;Telemedic\u00edna po\u010das pand\u00e9mie&#8221; &#8212; Telemon\" data-secret=\"Z5FoTS4R1T\" frameborder=\"0\" marginwidth=\"0\" marginheight=\"0\" scrolling=\"no\" class=\"wp-embedded-content\"><\/iframe><script type=\"text\/javascript\">\n\/* <![CDATA[ *\/\n\/*! This file is auto-generated *\/\n!function(d,l){\"use strict\";l.querySelector&&d.addEventListener&&\"undefined\"!=typeof URL&&(d.wp=d.wp||{},d.wp.receiveEmbedMessage||(d.wp.receiveEmbedMessage=function(e){var t=e.data;if((t||t.secret||t.message||t.value)&&!\/[^a-zA-Z0-9]\/.test(t.secret)){for(var s,r,n,a=l.querySelectorAll('iframe[data-secret=\"'+t.secret+'\"]'),o=l.querySelectorAll('blockquote[data-secret=\"'+t.secret+'\"]'),c=new RegExp(\"^https?:$\",\"i\"),i=0;i<o.length;i++)o[i].style.display=\"none\";for(i=0;i<a.length;i++)s=a[i],e.source===s.contentWindow&&(s.removeAttribute(\"style\"),\"height\"===t.message?(1e3<(r=parseInt(t.value,10))?r=1e3:~~r<200&&(r=200),s.height=r):\"link\"===t.message&&(r=new URL(s.getAttribute(\"src\")),n=new URL(t.value),c.test(n.protocol))&&n.host===r.host&&l.activeElement===s&&(d.top.location.href=t.value))}},d.addEventListener(\"message\",d.wp.receiveEmbedMessage,!1),l.addEventListener(\"DOMContentLoaded\",function(){for(var e,t,s=l.querySelectorAll(\"iframe.wp-embedded-content\"),r=0;r<s.length;r++)(t=(e=s[r]).getAttribute(\"data-secret\"))||(t=Math.random().toString(36).substring(2,12),e.src+=\"#?secret=\"+t,e.setAttribute(\"data-secret\",t)),e.contentWindow.postMessage({message:\"ready\",secret:t},\"*\")},!1)))}(window,document);\n\/\/# sourceURL=https:\/\/telemon.care\/wp-includes\/js\/wp-embed.min.js\n\/* ]]> *\/\n<\/script>\n","thumbnail_url":"https:\/\/telemon.care\/wp-content\/uploads\/2021\/11\/telemon_pandemia.webp","thumbnail_width":2160,"thumbnail_height":1440,"description":"D\u0148a 1.11. 2021 odvysielala RTVS vo ve\u010dernej report\u00e1\u017ei pr\u00edspevok o pr\u00ednosoch telemedic\u00edny. Lek\u00e1ri a pacienti zapojen\u00ed do n\u00e1\u0161ho pilotn\u00e9ho projektu rozpr\u00e1vaj\u00fa o vyu\u017eit\u00ed telemedic\u00ednskych zariaden\u00ed a ich aplik\u00e1cie napr\u00edklad aj v stavoch po prekonan\u00ed ochorenia Covid-19. Prehra\u0165 video Minut\u00e1\u017e: 27:40"}

Ľudmila Slezáková

Telemedicína počas pandémie - Telemon

<blockquote class="wp-embedded-content" data-secret="Z5FoTS4R1T"><a href="https://telemon.care/sk/telemedicina-pocas-pandemie/">Telemedicína počas pandémie</a></blockquote><iframe sandbox="allow-scripts" security="restricted" src="https://telemon.care/sk/telemedicina-pocas-pandemie/embed/#?secret=Z5FoTS4R1T" width="600" height="338" title="&#8220;Telemedicína počas pandémie&#8221; &#8212; Telemon" data-secret="Z5FoTS4R1T" frameborder="0" marginwidth="0" marginheight="0" scrolling="no" class="wp-embedded-content"></iframe><script type="text/javascript">
/* <![CDATA[ */
/*! This file is auto-generated */
!function(d,l){"use strict";l.querySelector&&d.addEventListener&&"undefined"!=typeof URL&&(d.wp=d.wp||{},d.wp.receiveEmbedMessage||(d.wp.receiveEmbedMessage=function(e){var t=e.data;if((t||t.secret||t.message||t.value)&&!/[^a-zA-Z0-9]/.test(t.secret)){for(var s,r,n,a=l.querySelectorAll('iframe[data-secret="'+t.secret+'"]'),o=l.querySelectorAll('blockquote[data-secret="'+t.secret+'"]'),c=new RegExp("^https?:$","i"),i=0;i<o.length;i++)o[i].style.display="none";for(i=0;i<a.length;i++)s=a[i],e.source===s.contentWindow&&(s.removeAttribute("style"),"height"===t.message?(1e3<(r=parseInt(t.value,10))?r=1e3:~~r<200&&(r=200),s.height=r):"link"===t.message&&(r=new URL(s.getAttribute("src")),n=new URL(t.value),c.test(n.protocol))&&n.host===r.host&&l.activeElement===s&&(d.top.location.href=t.value))}},d.addEventListener("message",d.wp.receiveEmbedMessage,!1),l.addEventListener("DOMContentLoaded",function(){for(var e,t,s=l.querySelectorAll("iframe.wp-embedded-content"),r=0;r<s.length;r++)(t=(e=s[r]).getAttribute("data-secret"))||(t=Math.random().toString(36).substring(2,12),e.src+="#?secret="+t,e.setAttribute("data-secret",t)),e.contentWindow.postMessage({message:"ready",secret:t},"*")},!1)))}(window,document);
//# sourceURL=https://telemon.care/wp-includes/js/wp-embed.min.js
/* ]]> */
</script>

Dňa 1.11. 2021 odvysielala RTVS vo večernej reportáži príspevok o prínosoch telemedicíny. Lekári a pacienti zapojení do nášho pilotného projektu rozprávajú o využití telemedicínskych zariadení a ich aplikácie napríklad aj v stavoch po prekonaní ochorenia Covid-19. Prehrať video Minutáž: 27:40
